 q(4). Let l = -113 - -191. Suppose -o + l = f. What is the units digit of o?
7
Suppose g = -3*s - 0 + 12, g = s - 4. Suppose g = -l + 5*w + 3, 2*w - 3*w = -2*l - 3. What is the units digit of -2 - (-64 + l + 2)?
2
Let d(m) = -m**3 + 5*m**2 + 6*m - 29. Let x be d(5). What is the units digit of 1767/6 + x/(-6)*3?
4
Let c(f) = 517*f + 4365. What is the ten thousands digit of c(17)?
1
Let c = -38 + 41. Suppose 0 = -c*f - 0*f + 27. What is the hundreds digit of 1880/16 + f/(-12)*2?
1
Suppose -10 = 5*h, 0 = -3*t - 0*h - 2*h + 266. Let b = t - 80. Suppose -5*x + b = -35. What is the units digit of x?
9
Let u(g) = -14*g - 1 - 4*g + 0 + 8*g. Let r be u(-12). Suppose 4*o = r + 21. What is the tens digit of o?
3
Let o = 57 - 75. Let m be ((-12)/o)/((-8)/(-84)). Suppose -405 = -m*g + 4*g. What is the hundreds digit of g?
1
What is the thousands digit of -4*(-6 - (-25165)/(-60)*3)?
5
Suppose 0 = -22*w + 9971 + 3779. Let q = -391 + w. What is the tens digit of q?
3
Let s = -110 + 321. Suppose -14 = w - s. What is the tens digit of w?
9
Suppose 11*a - 26055 = 55950. What is the hundreds digit of a?
4
Suppose 2*k - 23 = 53. Suppose -3*a + 182 = k. What is the tens digit of a?
4
Let k = 1 + 5. Let d(j) = 3*j - k + 5 - 5 + 17*j. What is the units digit of d(1)?
4
Let g = 17446 - 8946. What is the hundreds digit of g?
5
Let u be -24 + 1 - (4 + 1). What is the hundreds digit of 278 + (u - -3)/(-5)?
2
Let i = 24591 + -10171. What is the units digit of i?
0
Let h(t) = 3*t + 23. Let p be h(-10). Let g be (3/4 + 2/8)*p. What is the hundreds digit of 8/140*-5 + (-1136)/g?
1
Let s = 317 - 497. Let w = s + 296. What is the tens digit of w?
1
Let v = 5040 - -9961. What is the ten thousands digit of v?
1
Let u(y) be the first derivative of 4*y**3/3 + 7*y**2/2 + 26*y + 53. What is the hundreds digit of u(-8)?
2
Suppose 0 = -23*t + 27*t - 4. Let h(n) = 320*n**2 + 9*n - 1. What is the units digit of h(t)?
8
Let r(z) = -17*z - 3. Let j be ((-24)/36)/((-13)/(-15) + -1). Suppose 15 = -3*t + 5*w - 14, -5 = -5*t - j*w. What is the tens digit of r(t)?
4
Let o(i) = -2*i**2 - 92*i + 5. Let v = -74 + 54. What is the hundreds digit of o(v)?
0
Suppose 359*o - 180*o - 88416 = 178*o. What is the tens digit of o?
1
Let n(h) = -h**2 - 3*h - 2. Let o be n(-4). Let u(c) = -34*c - 9. What is the units digit of u(o)?
5
Suppose 146*h - 656701 - 1316581 + 450356 = 0. What is the hundreds digit of h?
4
Suppose 3*g - 4*m - 48974 + 4641 = 0, -3*m - 6 = 0. What is the thousands digit of g?
4
Suppose 4*l + 27 = 3*l. Let q = l - -41. Let x(t) = t**2 - 6*t - 5. What is the units digit of x(q)?
7
Suppose -7*n = 2*p - 4*n - 87, 4*n = -p + 46. Let s = 116 - p. Let k = s - -76. What is the hundreds digit of k?
1
Let d(q) = 2*q - 6*q - 5*q + q**2 + 2 + 3*q**2. Let f be d(2). Suppose 4*n - 6 - 2 = f. What is the units digit of n?
2
Let q(c) = -1946*c - 76. What is the thousands digit of q(-3)?
5
Let h(b) = -57*b - 13. Let w be h(3). What is the tens digit of (-32)/18 - (-8)/(-36) - w?
8
Suppose -3*x - 2*x - 2*d - 39 = 0, -2*d = -5*x - 31. Let l be ((-357)/(-255))/((-2)/70). What is the hundreds digit of (-1)/x - 6608/l?
1
Suppose 0 = 970*q - 934*q - 1332000. What is the hundreds digit of q?
0
Let z(i) be the second derivative of i**5/4 - i**4/4 - i**3 + i**2 - 3*i. Let k(a) = -a**3 + a**2. Let b(u) = -4*k(u) - z(u). What is the tens digit of b(-5)?
6
Suppose -2*b + 19*b - 18292 = 0. Suppose 0 = l + 5*a - 513, a = 3*l - b - 383. What is the units digit of l?
8
Suppose -4*h - 2*p + 12284 = 0, -58*h - 3*p = -60*h + 6126. What is the thousands digit of h?
3
Let o = 7901 + -3829. What is the units digit of o?
2
Let y(v) = -v + 260*v**2 - 11 + 7*v - 22 - 259*v**2. What is the tens digit of y(17)?
5
Suppose -i + 3*f - 1 + 0 = 0, 0 = -5*f + 10. Let c(b) be the first derivative of 13*b**2/2 - 9*b - 19. What is the units digit of c(i)?
6
Let u(f) = -2*f + 14*f - 23 - 9*f + 10*f. What is the tens digit of u(5)?
4
Let n be 5665/(-11) - 1*-3 - -1. Let k = -204 - n. What is the hundreds digit of k?
3
Let r(s) = 6*s + 124. Let y(p) = 2*p**2 + 24*p. Let c(k) = -10*k**2 + k - 1. Let o be c(-1). Let g be y(o). What is the units digit of r(g)?
4
Suppose -3*w + 3 = 3*z, 2*w - 4 = -0*w. Let o be ((-2)/(-16)*10)/(z/(-4)). Suppose 0 = -o*y + 393 + 142. What is the hundreds digit of y?
1
Suppose -7*n + 32980 = -14207. What is the tens digit of ((-6)/24)/(-2 - n/(-3372))?
8
Suppose -4*l + 8 = 4*u - 20, 2*l - 22 = -4*u. Suppose 0 = -3*c - u*a + 561, -2*c + 5*a - 374 = -4*c. What is the tens digit of c?
8
Let d(n) = 12*n + 12 - 84 + 11*n. Let l be d(17). Suppose 5*r - 434 = -2*p, 3*p - 3*r - l = 353. What is the tens digit of p?
2
Let g = -429 - -721. Let m = g + 106. What is the tens digit of m?
9
Suppose 2*b + 3*f - 37 = 0, -5*f = b - 8*f - 32. Let t = 236 + b. What is the hundreds digit of t?
2
Let t(o) = 18*o**3 - 36*o**2 + 143*o + 39. What is the ten thousands digit of t(14)?
4
Let d be (0 - (0 - 1))*21. What is the tens digit of (d/4 + 3)*4?
3
Let f be -11 - -84*90/27. Suppose 1 - 13 = -3*r. Suppose -r*t + f = -5*a, 0*t = -t - 2*a + 64. What is the tens digit of t?
6
Suppose 28*s = 19*s + 18. Suppose -s*y + 2216 = -4*v, 2*y - y + 3*v = 1123. What is the units digit of y?
4
Let q = -42271 - -72093. What is the ten thousands digit of q?
2
Let t(w) = -42*w + 3. Suppose -3*r + 1 = -2*d - 1, -5*d + 2*r + 6 = 0. Let h be t(d). Let k = 118 + h. What is the tens digit of k?
3
Let i(h) = -h**3 + 13*h**2 + 16*h + 8. Suppose 9*n - 2*n = 588. Suppose 0 = 10*u - 4*u - n. What is the tens digit of i(u)?
3
Let o(p) = 3*p**3 - 5*p**2 - 3*p + 1. Let b be o(-3). Let g = 71 + b. Let u = -36 - g. What is the units digit of u?
9
Let o(l) = -26*l**3 + 5*l**2 + 3*l - 1. What is the hundreds digit of o(-4)?
7
Suppose 0 = 3*m - 2*m + 89. Suppose 5*q - 39 = u, -4*u + 54*q - 49*q - 156 = 0. Let r = u - m. What is the units digit of r?
0
Suppose -22*k - 33161 = -6255. Let i = -664 - k. What is the units digit of i?
9
What is the thousands digit of 24/6*629524/112?
2
Suppose 4*u - 222321 = 9*w - 611987, 4*w + 5*u - 173151 = 0. What is the units digit of w?
4
Let o(m) = -m**3 - 10*m**2 - 22*m - 10. Let l be o(-7). Let n(q) = 5*q**2 + 1 + 9*q**2 - q - 6*q**2 + 6*q**2. What is the tens digit of n(l)?
3
Let j = 35114 - 16352. What is the tens digit of j?
6
Suppose 27685 + 1875 = 10*w. Suppose -5*p - i = -3701, -i - 3*i - w = -4*p. What is the hundreds digit of p?
7
Let m(q) = 825*q**2 - 79*q - 210. What is the thousands digit of m(-3)?
7
Suppose -84*n = 200989 - 959257. What is the hundreds digit of n?
0
Suppose -38*d + 51*d = 52. What is the units digit of d*((-2)/(-10) + 1064/80)?
4
Suppose -10536641 = -271*z - 412*z. What is the hundreds digit of z?
4
Let w = -4470 + 632. Let k = w + 5405. What is the tens digit of k?
6
Let x = -37 - -61. Suppose 8*j - 19840 = -x*j. What is the tens digit of j?
2
What is the thousands digit of 1838 + (-1 + -12 - -12)?
1
Suppose q - 2*p = 1282, 193*q + 4*p - 1276 = 192*q. What is the units digit of q?
0
Let w(t) = 4*t**2 - 7*t + 5858. What is the units digit of w(0)?
8
Suppose -5*g + j - 4 = -7*g, 16 = 2*g + 4*j. Suppose 9*t - 6*t - 2406 = g. What is the units digit of t?
2
Suppose -341*p + 1464668 + 15652850 = 0. What is the tens digit of p?
9
Let o be 5/6 + 7/42. Let h be (-2)/(-3) + 4*o/(-6). Suppose -3*l - 2*l + 15 = 0, 4*g + 3*l - 177 = h. What is the units digit of g?
2
Suppose 2*v = 12, -5*u = -2*v - 41688 - 17995. What is the units digit of u?
9
Suppose -2*z + 70 = 28*l - 30*l, -3*z + 6 = 0. Suppose -2*g - 2*n + 494 = 2*g, 0 = -n + 5. Let v = l + g. What is the units digit of v?
8
Let n = -280 - -252. What is the units digit of (2/1 + -4)*6342/n?
3
What is the thousands digit of 6/14 + 13/(2912/3499680)?
5
Let q = -15882 - -34923. What is the tens digit of q?
4
Let n(k) = 18*k**2 - 12*k + 21. Suppose 2*b = 2*l + 11 + 9, -l - 28 = -4*b. Let x be n(b). Suppose 8*i = 11*i - x. What is the tens digit of i?
9
Let m = -141128 + 200762. What is the thousands digit of m?
9
Let k be (-9238)/(-7) - (-3 + (-19)/(-7)). Let t = k - 895. What is the tens digit of t?
2
Let p(o) = -2 - 1 - 3*o**2 + 0 - 3*o - o**3. Let a = -2464 - -2461. What is the units digit of p(a)?
6
Let z(m) = -310*m + 206. Let q be z(-28). Suppose -7*s + 